?
False
Is 781071411 a composite number?
True
Is 1431229309 prime?
True
Is 16356115231 a prime number?
True
Is 19664113691 a prime number?
True
Is 2879836939 a prime number?
False
Is 16297195289 a prime number?
False
Is 3084907387 prime?
True
Is 46587291979 a prime number?
False
Is 34240463099 a prime number?
False
Is 8454292849 a prime number?
True
Is 3226058287 a composite number?
False
Is 217497191 a prime number?
False
Is 376403299 a composite number?
False
Is 732493319 composite?
True
Is 11746511893 a prime number?
False
Is 7117917319 composite?
False
Is 757112113 prime?
True
Is 6547880137 prime?
False
Is 80231870759 composite?
False
Is 15825083473 composite?
False
Is 6901965559 prime?
False
Is 135555329681 a composite number?
False
Is 400046315 prime?
False
Is 9714040891 prime?
True
Is 47744346857 prime?
True
Is 30927645362 prime?
False
Is 3377475791 prime?
True
Is 1853188297 a composite number?
False
Is 8315798593 prime?
True
Is 7257295261 prime?
True
Is 344912021 a prime number?
True
Is 17025597223 a prime number?
False
Is 269882329 composite?
True
Is 61246536571 a prime number?
False
Is 284963213 a composite number?
False
Is 1451873669 composite?
False
Is 14014367813 composite?
False
Is 537930361 a prime number?
True
Is 11061223441 prime?
False
Is 165181091 prime?
True
Is 3034304909 a prime number?
False
Is 78937327 a composite number?
True
Is 32603942843 composite?
True
Is 5440801181 a composite number?
False
Is 28822840157 composite?
False
Is 414035161 composite?
False
Is 23481043867 a prime number?
False
Is 962570509 a prime number?
True
Is 11365447 prime?
False
Is 9250864709 a prime number?
False
Is 10911479327 composite?
True
Is 1196971943 a prime number?
False
Is 516201409 prime?
False
Is 208824793 a prime number?
False
Is 11064509 a prime number?
True
Is 20823551417 composite?
True
Is 56896933883 composite?
False
Is 2069346205 a prime number?
False
Is 31036047179 composite?
False
Is 100089237671 a prime number?
False
Is 1821218291 a prime number?
False
Is 604411889 composite?
False
Is 1309693897 composite?
True
Is 62421134 composite?
True
Is 154423027211 a prime number?
False
Is 940336693 composite?
False
Is 82787499019 prime?
True
Is 2223108581 composite?
True
Is 270501163 composite?
False
Is 84812827049 composite?
True
Is 48726019109 a prime number?
False
Is 714973073 a prime number?
False
Is 2470261583 prime?
True
Is 56768190061 a composite number?
True
Is 69857609 prime?
False
Is 1668092029 prime?
True
Is 5475007 prime?
False
Is 2252672489 a composite number?
False
Is 1010129431 composite?
False
Is 445084301 a prime number?
False
Is 912502883 a prime number?
True
Is 338908762 a prime number?
False
Is 231144469 a prime number?
False
Is 352431163 composite?
True
Is 2394007727 a composite number?
False
Is 88386167 composite?
True
Is 73083727 prime?
True
Is 1641965159 a prime number?
False
Is 64357421 prime?
False
Is 1390701247 composite?
True
Is 26401234241 a prime number?
False
Is 49229855809 prime?
True
Is 247752983 prime?
False
Is 335866393 a prime number?
True
Is 2139713353 composite?
False
Is 1367078809 composite?
False
Is 62104363109 a prime number?
False
Is 726357389 composite?
False
Is 108405970742 prime?
False
Is 145470643 a composite number?
True
Is 13123007747 composite?
False
Is 339064526 a prime number?
False
Is 7408521427 a prime number?
True
Is 19974438293 composite?
False
Is 164060503 prime?
False
Is 202139568881 a composite number?
False
Is 4014247535 a prime number?
False
Is 1070658121 a composite number?
True
Is 9841779133 a composite number?
True
Is 999413587 a composite number?
False
Is 595470107 a composite number?
True
Is 636395381 a composite number?
False
Is 9191515787 a prime number?
True
Is 384212227 composite?
True
Is 8334793253 a prime number?
True
Is 5814886471 a prime number?
False
Is 13743745153 a composite number?
True
Is 333399965 a prime number?
False
Is 4432242883 composite?
False
Is 639600497 prime?
True
Is 186768185 prime?
False
Is 830070919 prime?
True
Is 953213993 a composite number?
False
Is 389941971197 composite?
False
Is 468618559 composite?
True
Is 3254094839 prime?
False
Is 53684069147 a prime number?
False
Is 4482135817 prime?
False
Is 55535915363 a composite number?
False
Is 5883429569 a composite number?
False
Is 33039430513 a prime number?
True
Is 18328432913 composite?
True
Is 3683434501 a prime number?
False
Is 19034515169 prime?
True
Is 138988145843 a prime number?
False
Is 1547220299 a composite number?
True
Is 19884327745 composite?
True
Is 5275319093 composite?
True
Is 6242750723 a composite number?
True
Is 669451423 a prime number?
False
Is 3281829347 a composite number?
False
Is 185214719 composite?
False
Is 17013762011 composite?
False
Is 3467922503 a composite number?
True
Is 53440152943 a composite number?
False
Is 4870746035 composite?
True
Is 257540779 a prime number?
False
Is 131526337379 prime?
True
Is 121804637 composite?
False
Is 101148889 composite?
False
Is 8177477741 composite?
True
Is 1326753359 a composite number?
False
Is 162691097 composite?
False
Is 45508133161 composite?
True
Is 119954671 a prime number?
False
Is 5291653481 a prime number?
True
Is 3980470127 a composite number?
False
Is 807345869081 a composite number?
False
Is 2264740111 a prime number?
True
Is 1371749441 a prime number?
False
Is 55047399171 composite?
True
Is 151945363 a prime number?
False
Is 36829115933 a composite number?
False
Is 39640075009 a prime number?
False
Is 30488641117 a prime number?
False
Is 19063790041 a composite number?
True
Is 98821341103 composite?
False
Is 1311986521 composite?
False
Is 17190350399 a composite number?
True
Is 335014499 prime?
True
Is 1046902277 a prime number?
False
Is 4555396462 a prime number?
False
Is 108957770689 a prime number?
False
Is 17797504091 a prime number?
True
Is 10194104161 prime?
False
Is 612529633 a composite number?
False
Is 82726143037 prime?
True
Is 74682692303 composite?
False
Is 3322314221 a prime number?
True
Is 42647759737 composite?
True
Is 164174557 prime?
True
Is 7971497453 a composite number?
False
Is 440715083 composite?
False
Is 166029474449 a composite number?
True
Is 66543563 composite?
True
Is 59020659649 composite?
True
Is 75035562281 composite?
False
Is 2075022011 a prime number?
False
Is 848005681 prime?
False
Is 705085937 prime?
True
Is 888551135 prime?
False
Is 63981977 a composite number?
True
Is 10495713871 a prime number?
False
Is 20346111767 a composite number?
False
Is 653702635 composite?
True
Is 66347320763 a prime number?
False
Is 1158126857 a prime number?
False
Is 109833087743 prime?
False
Is 8366237 prime?
False
Is 155388797 prime?
True
Is 21469036447 a composite number?
False
Is 222613070167 prime?
True
Is 677186567553 a prime number?
False
Is 121146056879 a prime number?
True
Is 622968977 prime?
False
Is 1798985506 prime?
False
Is 275191879 a composite number?
False
Is 656246401 prime?
True
Is 2640059437 a prime number?
True
Is 1050141773 a prime number?
True
Is 3852585679 prime?
False
Is 180134447 prime?
False
Is 7104742681 a prime number?
False
Is 310237615027 prime?
True
Is 7115710037 prime?
True
Is 3943348723 composite?
True
Is 3036300562 composite?
True
Is 5737741837 a prime number?
True
Is 921820399 a prime number?
False
Is 65737203094 prime?
False
Is 1519112207 a composite number?
True
Is 1556662301 a composite number?
False
Is 22597885553 a prime number?
True
Is 34747353401 a composite number?
False
Is 1003057657 a composite number?
True
Is 863409031 a prime number?
False
Is 8898467 a prime number?
True
Is 153535176467 composite?
True
Is 90643387103 a composite number?
False
Is 46432968369 a prime number?
False
Is 7130270393 composite?
True
Is 119586241 composite?
False
Is 5107249627 prime?
False
Is 686479931 composite?
True
Is 9715473893 prime?
False
Is 195463817 composite?
False
Is 6133811689 composite?
True
Is 3205435897 a composite number?
False
Is 245005213 a prime number?
True
Is 64800618373 a composite number?
True
Is 295833893 a composite number?
False
Is 1390333501 prime?
True
Is 62443862687 composite?
True
Is 8631093463 composite?
True
Is 14761788773 a composite number?
False
Is 4762684559 a prime number?
True
Is 2054665807 a prime number?
False
Is 10794177089 composite?
Fa